+ 8. Let v be d(6). Calculate the highest common divisor of v and p.
7
Suppose -45*t + 44*t + 9 = 0. Calculate the highest common factor of 180 and t.
9
Let y be (-10 - -11)/(1/5). Let o = 0 - -20. What is the greatest common factor of o and y?
5
Let x be (2/4)/(6/(-72)). Let n = 7 + x. Let u(s) = s**2 + 4*s - 4. Let l be u(-5). What is the highest common divisor of n and l?
1
Let n(k) = 3*k - 13. Let q be n(8). What is the highest common divisor of q and 121?
11
Let k = -13 + 23. Let j(i) be the third derivative of -11*i**6/12 - i**5/60 + i**3/6 + 3*i**2. Let n be j(-1). What is the highest common factor of n and k?
10
Suppose 12 = -5*x + x. Let f be 3 + x/(12/(-116)). What is the greatest common factor of 8 and f?
8
Suppose -20 = -4*w - 0*w, -3*w = 3*n - 27. Calculate the highest common divisor of 32 and n.
4
Let f = 97 + -75. Calculate the highest common factor of f and 22.
22
Suppose -6*q = -4*q + 44. Let j = q - -54. Calculate the highest common divisor of 4 and j.
4
Let x(t) = t**2 + 3*t + 2. Let a be x(-5). Let y = a + 6. Calculate the highest common divisor of 18 and y.
18
Let u = -2 - -10. Suppose 4*r - 2*t - 38 = 0, -t + 1 + 4 = r. What is the highest common divisor of u and r?
8
Suppose 0 = 3*l + 1 + 5, -l = 2*j - 2. Calculate the greatest common factor of 46 and j.
2
Let y = 59 - -45. Suppose 6*p - p - 134 = o, -4*p = -4*o - y. Calculate the highest common divisor of p and 18.
9
Let u be 5*-3*28/(-20). Let j = 27 - u. Calculate the greatest common divisor of 3 and j.
3
Let d(w) = 2*w**2 - 4*w - 5. Let y be d(-2). Suppose 2*b - 10 = b. Suppose -c + 89 = -b. What is the highest common factor of y and c?
11
Let a(m) = m - 8. Let b be a(6). Let f be (-6)/((b/(-3))/(-1)). Suppose -320 = 4*l - f*l. Calculate the highest common factor of 8 and l.
8
Let m be (-339)/(-6) - 1/2. Let s(n) = -n**2 - 6*n + 8. Let g be s(-6). Calculate the highest common divisor of g and m.
8
Suppose -3*t - 16 = 8. Let z be (-46)/t - 1/(-4). Let s = -68 - -110. What is the greatest common divisor of s and z?
6
Let i be -33 + 2/(2*-1). Let q(h) = -3*h - 36. Let s be q(-28). Let m = s + i. What is the highest common factor of m and 112?
14
Let t = -18 + 21. What is the greatest common factor of t and 9?
3
Suppose -5*x - 2*c = -7*c - 65, -3*c = -x + 21. What is the greatest common factor of x and 3?
3
Suppose 11*w - 2 = 9*w. What is the greatest common factor of 13 and w?
1
Let i = 27 + -20. Suppose 0 = s - 2*s - 5*n - i, -5*n = -3*s + 79. What is the greatest common divisor of s and 18?
18
Let u be 4/(-20) + (-108)/(-15). Let g = 3 + u. Suppose 0 = -5*x + 155 + 245. What is the greatest common divisor of x and g?
10
Let x be (-9)/(-15) + (-13)/5 - -10. What is the highest common factor of 104 and x?
8
Let g(l) = -l**3 - 14*l**2 - 13*l + 2. Let m be g(-13). What is the greatest common divisor of m and 5?
1
Suppose m + 2*m = 12. What is the greatest common factor of m and 20?
4
Let w = 79 - 66. What is the highest common factor of w and 117?
13
Let k(o) be the second derivative of 1/4*o**4 + 0 - 1/6*o**3 - o**2 + o. Let t be k(4). What is the greatest common divisor of t and 14?
14
Let b = -15 + 19. What is the highest common divisor of 8 and b?
4
Let x = -2 + 12. Let q be (18*5)/(4 + -3). What is the greatest common divisor of q and x?
10
Suppose 0*f = 4*b - f - 30, 3*b - 27 = 3*f. Suppose 4 = j + 2*r, -b*r - 25 = -2*r. What is the greatest common divisor of j and 112?
14
Let g = -11 - -31. Calculate the greatest common divisor of 4 and g.
4
Let o(j) = -j**2 - 9*j + 6. Let r be o(-6). Let s = 29 - -91. What is the highest common factor of s and r?
24
Let l(o) = -o**3 - 2*o**2 - 3*o + 3. Let s be l(3). Let w = -36 - s. What is the highest common divisor of 105 and w?
15
Let q(w) = -2*w**2 + 3*w**2 - 8*w - 3*w - 7. Let g be q(11). Let k = g + 15. Calculate the highest common divisor of k and 16.
8
Let x(s) = 3*s + 1. Let l be x(-1). Let g(z) = -5*z + 1. Let m be g(l). Calculate the highest common divisor of 110 and m.
11
Let m = 24 + -4. Let f = 437 + -297. What is the greatest common divisor of f and m?
20
Suppose 3*l - 3*w - 27 = 0, w = -2*l + 5 + 13. Suppose -4*g = -5*x + 352, -2*g + 0*g = -x + 68. What is the highest common divisor of x and l?
9
Let m = 2 - 2. Suppose 4*g - 5*n - 28 = -n, 5*g + 2*n - 7 = m. What is the highest common divisor of 9 and g?
3
Suppose -2*z + l + 4*l + 276 = 0, -2*z + 4*l + 274 = 0. What is the highest common divisor of 19 and z?
19
Let i(v) = v**3 - 7*v**2 + 2*v - 9. Let p be i(7). What is the highest common factor of 55 and p?
5
Suppose 4*u - 20 = -0*u, n - 4*u = -5. Suppose 0 = -4*k + 2*k + 5*d + 200, 3*d = 6. Calculate the highest common divisor of k and n.
15
Let k = -21 - -31. Suppose -3*o + 8*o - k = g, 4*g + 10 = 5*o. Suppose -c + 2 + 23 = g. What is the greatest common factor of c and 5?
5
Suppose 4*v - 4*m - 28 = 0, -3*m + 5 = 5*v + 2*m. Suppose -2*x + 3*b = -4*x + 273, 308 = 2*x - v*b. What is the highest common factor of x and 18?
18
Let b(s) be the second derivative of s**5/20 + s**4/6 - s**2 + 6*s. Let u be b(2). Calculate the greatest common factor of u and 2.
2
Let r be 4/(-3)*63/(-6). Let x be -2 + 13 + (0 - -3). Calculate the highest common factor of r and x.
14
Suppose 0 = 7*k - 4*k - 72. Calculate the highest common divisor of k and 16.
8
Let d = -7 - -12. Let r(p) = -d*p - 4 + p - 2. Let o be r(-4). What is the highest common factor of 25 and o?
5
Suppose 3*j = 4*p - 16 - 56, p + 5*j + 5 = 0. Calculate the greatest common divisor of 6 and p.
3
Let h(y) = -82*y - 3. Suppose -2 = 3*z + 4. Let b be h(z). Suppose -5*l = 2*v + 7 - 97, 0 = 3*v + l - b. Calculate the highest common factor of 11 and v.
11
Let k = -5 - -6. Let w(n) = 40*n. Let m be w(k). Suppose 3*v = -4*i + 50, -i - i = -v. Calculate the greatest common divisor of m and v.
10
Let n = 17 + 8. Let x(k) = 2*k**2 - 5*k - 2. Let c be x(4). What is the greatest common divisor of n and c?
5
Let b = 9 - 13. Let l(q) = q**3 + 6*q**2 + 2*q + 1. Let c be l(b). Calculate the highest common divisor of 200 and c.
25
Let k(i) = -4*i - 8. Let n be k(-6). Let f(m) = m - 2. Let q be f(-8). Let v = 14 + q. Calculate the greatest common divisor of v and n.
4
Suppose -5 = 4*j - 13. Suppose -4*p - h = 20 - 67, 0 = 2*p - 5*h - 51. Let c be 2/(j/p - 0). Calculate the greatest common factor of c and 143.
13
Let j = 37 - 13. What is the greatest common divisor of j and 48?
24
Suppose 0 = -3*y + 5*y - 180. Suppose -m + 4*t = -3*m + 44, 0 = 2*m + 2*t - 40. Calculate the highest common divisor of y and m.
18
Let r(k) = k**3 + 10*k**2 - k - 7. Let u be r(-10). Let i(y) = -3 + u + 2 - 2*y. Let t be i(-8). Calculate the highest common divisor of t and 27.
9
Suppose -3*a - 156 = a. Let x = a + 89. Calculate the greatest common factor of 20 and x.
10
Let j be (-3)/(9/3)*(-1 + -44). What is the greatest common factor of 9 and j?
9
Let u be (22/5)/(1/5). Calculate the highest common factor of u and 55.
11
Let d be (-1)/(2/1)*4. Let r = 3 + d. Let a(y) = y**2 + y + 2. Let x be a(-2). What is the highest common factor of r and x?
1
Let a = -31 - 3. Let r = a - -68. Let h(l) = -l**3 + 4*l**2 + 7*l - 13. Let j be h(3). Calculate the highest common factor of j and r.
17
Let f be 8/(-10) - 3836/(-70). Calculate the greatest common factor of f and 72.
18
Let v = -27 + 17. Let g be (6 - 4)*v/(-2). Suppose m - 6*m + 25 = 0. Calculate the highest common divisor of m and g.
5
Let k = 14 + -5. Let d = -29 + 48. Let t = -10 + d. Calculate the greatest common factor of k and t.
9
Let b(o) = -o**3 - o**2 - 2*o - 2. Let v be b(-2). Suppose 3*q = v*q - 3. Let f be 3*-1 + q + 15. Calculate the greatest common divisor of f and 26.
13
Suppose -4*v = -a + 21 + 5, 3*v = -3*a + 48. Calculate the greatest common factor of 162 and a.
18
Let v(b) = -3*b - 5. Let q(u) = u + 2. Let a(n) = 7*q(n) + 2*v(n). Let d be a(4). Calculate the greatest common divisor of d and 72.
8
Suppose -44 = 2*n + 5*v - 515, -3*v = -15. Suppose 5*c = l + 182, n = 5*c - 4*l + 35. Suppose 10 + c = 2*p. What is the highest common divisor of p and 207?
23
Let b(u) = -u**3 - 7*u**2 + 10*u + 12. Let q be b(-8). Let w be (-24)/(-2*(-3)/q). Calculate the greatest common factor of w and 24.
8
Suppose 0 = 5*f + 206 + 9. Let k = -8 - f. What is th